= 0. Let p(j) = -j**2 + 10*j - 2. Let c be p(7). Let i = c + -13. Calculate the remainder when i is divided by q.
2
Suppose -f = -2*l - 29, 4*l = 4*f + 12 - 76. Suppose 0 = -2*c - 5*h + 69, -4*c + 152 = 4*h + 8. What is the remainder when c is divided by (-1)/(-2)*l*-2?
11
Suppose 4*i + 5*d + 21 = 0, i - 3*i = -4*d - 22. Calculate the remainder when 0 + 3/1 + -1 is divided by i.
0
What is the remainder when (2/((-8)/(-43)))/(9/36) is divided by 22?
21
Let d(i) = -2*i + 12. What is the remainder when 66 is divided by d(0)?
6
Suppose 144 - 38 = l. Calculate the remainder when l is divided by 36.
34
Suppose x - 6 = -x. Suppose -5*f - 2*i = -13, -i = x*f - 3*i - 11. Suppose -3*h + 0 = -6. What is the remainder when f is divided by h?
1
Suppose v = -2*n - 203, -n + 3*v = -2*v + 129. Calculate the remainder when 16/n - 966/(-26) is divided by 20.
17
Let v(w) = -2*w - 6. Let c be v(-5). Suppose 80 = 4*n - c*r, -2*r = n + r. What is the remainder when n is divided by 4?
3
Suppose -7*x + 5*a + 45 = -2*x, 5*x = -4*a. Let j = 4 - x. Calculate the remainder when 35 is divided by 2/2 + (11 - j).
11
Suppose 0 = -3*g + 9, -2*d + 3 = -5*g - 4. What is the remainder when d is divided by 7?
4
Let a = -21 + 30. Suppose 0 = p - a. What is the remainder when p is divided by 3?
0
Suppose -3*s + 78 = 2*f, 3*f + 2*s - 2 - 110 = 0. Calculate the remainder when f is divided by 25.
11
Let y(l) = 5*l**3 + 4*l**2 + 4*l + 10. Let i(m) = -9*m**3 - 9*m**2 - 8*m - 20. Let x(z) = -4*i(z) - 7*y(z). What is the remainder when x(-7) is divided by 8?
7
Calculate the remainder when (-250)/(-4) + (-2)/4 is divided by 21.
20
Suppose -3*o + 9 = 2*j, 0 = -j + 4*j - 5*o - 61. Suppose -2*y + 0*d = -4*d - 92, -181 = -4*y + 5*d. Calculate the remainder when y is divided by j.
8
Suppose 17 = s - 0*s. Suppose -11 = -4*j - 3. Suppose -5*o = -j*b - 3, -6*b - o = -2*b - 27. What is the remainder when s is divided by b?
5
Suppose -2*w - 15 = w, o - 3*w = 30. Suppose 4*a + 10 = -82. Let k = -15 - a. Calculate the remainder when o is divided by k.
7
Let s = -16 + 27. What is the remainder when 21 is divided by s?
10
Let s(b) = -b + 2. Suppose -6*z = -z - 10. Suppose -z*n + 2*o = 4, 2*n + o + 2*o = -29. What is the remainder when 26 is divided by s(n)?
8
What is the remainder when 31 is divided by (1 + 1)/((-2)/(-12))?
7
Let m = 19 - 5. Let a(g) = g**2 + g + 53. Suppose 2*r - 4*c - 3 = -c, 0 = -5*c - 5. Calculate the remainder when a(r) is divided by m.
11
Suppose 0 = -5*p + 153 + 57. Let j = -30 + p. Calculate the remainder when j is divided by 7.
5
Let g(c) = -c**2 + 7*c + 1. Let i be g(7). Let h = i - -6. Calculate the remainder when 12 is divided by h.
5
Suppose -p = -2*r + 4, 11 = 5*r + 2*p - 4*p. Let a(d) = 2*d**2 - 2*d + 2. What is the remainder when 41 is divided by a(r)?
13
Suppose l - 2 = 2. What is the remainder when 11 is divided by l?
3
Let s(g) = g + 18. Let u = -556 - -607. What is the remainder when u is divided by s(0)?
15
Let c be 78/4 - 1/(-2). Let v = c - 12. Let f = v - 2. Calculate the remainder when 11 is divided by f.
5
Let z = 2 - -4. Suppose 0 = 2*m - z*m - 4. Calculate the remainder when 3 is divided by -3 - (-4 + 0 + m).
1
Let y(b) = b**2 - 3. Let t be y(3). Suppose -t - 14 = -5*h. Suppose 125 = 3*v - g, -172 = -3*v - v + h*g. Calculate the remainder when v is divided by 14.
13
Suppose -2*s - 6 + 18 = 0. What is the remainder when s is divided by 4?
2
Suppose 0*o = -4*o. Let d(x) = -x + 2. Let a be d(o). What is the remainder when 19 is divided by (-18)/6 - -5*a?
5
Suppose -3*p + 26 = y + 7, 0 = -5*y + p + 79. Calculate the remainder when 29 is divided by y.
13
Suppose -o - 2*o = 0. Calculate the remainder when 13 + 0 + o + 3 is divided by 9.
7
Let d = -305 - -217. Let l be d/(-20) + (-2)/5. Suppose 2*t - 8 = -2*g, -4*t + l*g = -1 + 9. Calculate the remainder when 1 is divided by t.
0
Let s = 13 - 7. Let b(l) = l**3 + 13*l**2 + 9*l - 13. Calculate the remainder when b(-12) is divided by s.
5
Let g = -17 + 1. Let c = -2 - g. Let j(f) = -f**3 + 5*f**2 - 3*f + 4. Calculate the remainder when c is divided by j(4).
6
Let f(y) = y**3 + 7*y**2 + 10. Let w be f(-7). Suppose -4*n + 36 = i + 14, -3*n + w = 4*i. Calculate the remainder when 11 is divided by n.
5
Let w(a) = 8*a. Calculate the remainder when 38 is divided by w(1).
6
Suppose 2*t + 14 = -t - l, -5*l = 4*t + 26. Let n be (-1 - t/3)*12. Calculate the remainder when 38 is divided by (40 - 1)*n/12.
12
Let j(r) = r**3 - 4*r**2 - 7*r - 3. What is the remainder when j(6) is divided by 7?
6
Suppose -5*f = -3*y - 14, 4 = 5*f + 3*y - 22. Let o(s) = s**2 + 6*s + 2. Let b be o(-6). What is the remainder when 1*b*(2 - -1) is divided by f?
2
Suppose i = -3*m - 34, 0*i - 3*i - 80 = -2*m. What is the remainder when 94 is divided by 7 - i - (-3)/(-1)?
30
Let s = 10 - 1. What is the remainder when 60 is divided by s?
6
Suppose h = -2*y + 6*y + 165, -3*h + 455 = -4*y. What is the remainder when h is divided by 21?
19
Let g be (-2)/10 + (-2)/(-10). Calculate the remainder when 41 is divided by (-10 + -1)/(g - 1).
8
Suppose 5*c + 13 + 18 = 4*m, -m - 3*c - 5 = 0. Suppose 55 = 3*w + 2*w. Calculate the remainder when w is divided by m.
3
Let m(p) = -6*p - 1. Let w(z) = z**2 - 3*z + 9. What is the remainder when w(8) is divided by m(-3)?
15
Let w be (-2 - (-2 - -3))*-9. Let r be (2/(-3))/(2/(-114)). Let s = r - w. Calculate the remainder when s is divided by 4.
3
Let y = 141 - 79. Let h = y + -36. Let i = 45 - 36. Calculate the remainder when h is divided by i.
8
Suppose l - 29 = -y - l, 4*y - 64 = 5*l. Let s be 3*18*3/(-2). Let x = s - -122. Calculate the remainder when x is divided by y.
20
Suppose -8*u = -3*u. Let i(f) = f**3 + 13. What is the remainder when i(u) is divided by 7?
6
Suppose -2*n + 2*q = -54 - 38, -5*n = 5*q - 210. Let b = n - -14. Calculate the remainder when b is divided by 20.
18
Let f(t) = -t + 4. Let x be f(0). Let y be 4/(-16) - (-1)/x. Suppose y = 4*g - 42 + 2. Calculate the remainder when 29 is divided by g.
9
Suppose 0*t = 4*t - 44. Suppose 0*l + 204 = 4*l. Let n = -19 + l. Calculate the remainder when n is divided by t.
10
Let y(z) = -1 + 8*z - 3 + 11 + 4. Calculate the remainder when y(9) is divided by 28.
27
Let l(c) = c**2 + 2*c + 2. Let f be l(-6). Suppose -3*y + 17 = 2*p - 13, -2*p - 4*y + f = 0. Let t = -12 + p. Calculate the remainder when 16 is divided by t.
7
Let g(b) = -b + 9. Let z be g(8). Let f be 6*(z + 2/(-4)). Suppose -2 = y - 3*y, -41 = -2*j - f*y. What is the remainder when j is divided by 7?
5
Suppose -5*z + 6 = -0*z + 3*b, -5*z - 5*b = 0. Let w be -1*(z - 12)*1. What is the remainder when 30 is divided by (w/3 - -10) + -2?
8
Let m = -11 - -18. Let r = 2 - -11. What is the remainder when r is divided by m?
6
Suppose -25 + 10 = -t. Suppose r - t = 1. Suppose 0 = 5*g + 13 - 58. Calculate the remainder when r is divided by g.
7
Suppose 0 = 3*a + 4*f - 33, 3*a + a = f + 25. What is the remainder when 19 is divided by a?
5
Let f(w) = 16 - 2*w - 16 + w**3 - 4*w**3. What is the remainder when f(-2) is divided by 15?
13
Calculate the remainder when 10 is divided by (2/2)/((-6)/(-24)).
2
Let w(n) = -n**2 + 26*n + 46. What is the remainder when w(25) is divided by 9?
8
Let b(l) = -17*l - 3. Calculate the remainder when b(-1) is divided by 9.
5
Suppose 2*r - 65 = -3*r. Calculate the remainder when 34 is divided by r.
8
Let v(n) = -n**3 - 7*n**2 - 8*n + 6. Let u be v(-6). Suppose -7*h = -9*h + u. What is the remainder when 25 is divided by h?
7
Suppose -4*z - 2 - 8 = 5*r, 5*r - 3*z - 25 = 0. Suppose 2*h - 10 = h. What is the remainder when (-21)/r*(-48)/18 is divided by h?
8
Let h(s) be the first derivative of s**4/4 + 2*s**3 - 3*s**2/2 + 5*s + 7. What is the remainder when 68 is divided by h(-6)?
22
Let i(j) = 5*j - 2. Let p be i(2). Let w = p - 2. Calculate the remainder when 11 is divided by w.
5
What is the remainder when (87/15)/((-2)/(-10)) is divided by (8/(-6))/((-2)/24)?
13
Suppose d = -5*h + 66, -h - 48 = -3*h + 5*d. Let a(s) = -s**3 + 4*s**2 - s + 2. Calculate the remainder when -1 + h + 2 + 0 is divided by a(3).
7
Suppose 3*f = -5 - 1. Let k = f + 4. Suppose -a + k + 7 = 0. Calculate the remainder when 26 is divided by a.
8
Let s = -53 - -72. What is the remainder when s is divided by 6?
1
Le